 = -7*b, 0 = 3*b. What is the hundreds digit of s?
1
Let h = 230 - 5. What is the hundreds digit of h?
2
Let x = -1341 - -2086. What is the hundreds digit of x?
7
Suppose 2 = -2*b, 268 = 4*j - j - b. Suppose 0*i + 10 = 2*i, z - j = -4*i. What is the tens digit of z?
6
Let d(a) = -6*a + 4*a**2 - 3*a**2 + 6*a**2 - 8*a**3 + 7*a**3. Let q be d(6). Suppose -3*j + 11 + 67 = q. What is the units digit of j?
6
Let w(o) = -o**3 - o**2 - o + 10. Let t be w(0). Suppose t*c + 120 = 4*c. What is the units digit of (8/c)/((-2)/170)?
4
Suppose 3*i = 3, 5 = o - 3*i + 4*i. Suppose -3*f + 0*f + 2*h = -184, -2*f = o*h - 144. What is the tens digit of f?
6
Suppose 0 = -z - b + 275, 4*b = 2*z + 4 - 524. What is the hundreds digit of z?
2
Let s = -44 - 40. Let z = 177 - s. What is the units digit of z?
1
Let v = -17 - -22. Suppose -5*m = v*u + 25, -2*u - 2 = m + 12. Let y(f) = f**3 + 9*f**2 - 3*f - 6. What is the units digit of y(u)?
1
Suppose -25*t + 61530 = -10*t. What is the hundreds digit of t?
1
Suppose -12*a - 1289 = -19181. What is the thousands digit of a?
1
Suppose -2*d + 3003 = d. Suppose 3*a - 10*a = -d. What is the hundreds digit of a?
1
Suppose 41*l - 2660 = 36*l. What is the tens digit of l?
3
Suppose 0*f - 5*f - 5*c + 50 = 0, 0 = 5*c - 25. Suppose -5*u = -2*x + 6*x - 945, -3*x + 950 = f*u. What is the units digit of u?
3
Let h(l) = 93*l**2 + 4*l - 26. What is the units digit of h(6)?
6
Let m be ((-86)/6)/((-8)/72). Let a = -24 + 38. Suppose -17*q + m = -a*q. What is the units digit of q?
3
What is the tens digit of 4 + 23/69 + (-58)/(-6)?
1
Let l = 5396 + -3812. What is the units digit of l?
4
Suppose -4*l - 8 = -3*l + 2*i, -4*l - 4*i - 16 = 0. Suppose -y + 0*y + 5 = l. Suppose -4*z + 39 = y*r, -r - 3*r + 24 = 2*z. What is the units digit of z?
6
Let g be 1/2*6/3. What is the units digit of (124/8)/(g/10)?
5
Let a = -173 + 432. What is the units digit of a?
9
Let s(c) be the third derivative of 7*c**4/24 - c**3/6 - 13*c**2. Let h be s(9). Let k = h + -6. What is the units digit of k?
6
Let k be (5/(-2))/((-10)/20). Suppose 3*p + 19 = 2*p + 3*o, k*o = -3*p - 71. What is the units digit of p/(-8) + (-12)/(-48)?
3
Let u(i) = -2389*i**3 + i**2 - i - 4. What is the tens digit of u(-1)?
8
Suppose 22*o - 220 = 18*o - 4*v, -o = -2*v - 64. Suppose -b - 2 = -3*b. What is the tens digit of (2/(-4) + b)*o?
2
Suppose 5*y = h + 20, -17 = -3*y - h + 3. What is the hundreds digit of 6/(-15) + 1247/y?
2
Suppose -21*m - 3 = -22*m. Suppose -3*i = a - 197, m*i = -2*a - 0*a + 406. What is the tens digit of a?
0
Let q be 6/(-4)*18*1. Let r be 29/(-9) - 6/q. What is the units digit of (3 + 1 - -2) + r?
3
Let w(n) = 2*n + 18. Suppose 2*q - 1 = 3. Suppose -3*l = -l - q*h + 6, -15 = -l - 5*h. What is the units digit of w(l)?
8
Suppose 0 = 334*g - 341*g + 20342. What is the units digit of g?
6
Suppose 0 = 2*z + 5*c - 8054 + 1332, 4*c + 6722 = 2*z. What is the tens digit of z?
6
Suppose -2*m = 3*r - 8*r + 9650, -4*r + 4*m = -7720. What is the tens digit of r?
3
Suppose -762 = -8*i - 2674. Let c = -57 - i. What is the tens digit of c?
8
Let p = -19 - -142. Let x(j) = j**3 + 4*j**2 + 6*j - 7. Let u be x(-5). Let a = p + u. What is the units digit of a?
1
Let d be ((-388)/(-10))/((-9)/(-765)). Suppose 708 = -10*w + d. What is the units digit of w?
9
Suppose -60 = -0*g + 3*g. Let c = g + 80. Suppose 3*u = -u + c. What is the tens digit of u?
1
Let k(h) = h**2 + h + 3. Let g be k(2). What is the units digit of 1057/63 + 2/g?
7
Suppose 32*d = -68*d + 308800. What is the hundreds digit of d?
0
Let u be 10/25 + 246/10. Let h = 77 + -101. Let y = h + u. What is the units digit of y?
1
Let y be 26*(-2)/2 + -1. Let v = y - -29. Suppose 48 = q + v*q. What is the tens digit of q?
1
Suppose 2*t - 6*t + 3 = u, -u + 3 = -3*t. Suppose -2*j = 5*b - 86, -33 - 61 = -2*j - u*b. What is the tens digit of j?
5
Let b(n) be the second derivative of -9*n**3 - n**2 + 5*n. What is the hundreds digit of b(-3)?
1
Let l = 1212 - 34. What is the tens digit of l?
7
Let l(f) = -f**3 + 22*f**2 - 7*f + 40. What is the units digit of l(21)?
4
Let r = 451 - 90. What is the hundreds digit of r?
3
Suppose -o - 12 - 6 = 0. Let q = 28 + o. What is the units digit of 2/q + 344/5?
9
Let f(h) = 31*h + 2. Suppose -4*a + 17 = 4*w + 1, 0 = -4*w + 4*a + 8. Suppose -6*g + 3 + w = 0. What is the tens digit of f(g)?
3
Suppose -5*u = -5*z - 20, 3*z = 3*u + 6*z - 24. Suppose -u*f = -101 - 181. Suppose -4 = l - f. What is the tens digit of l?
4
Let a(u) = -u**3 + 2*u**2 + u + 5. Let y be a(2). Suppose y*v = 13*v - 1302. What is the tens digit of v?
1
Let g be -2 - (-1 - (-2 - -17)). Let w = 142 + -556. What is the tens digit of w/(-21) + 4/g?
2
Let b(u) = -u**3 + u**2 + u - 1. Let h = -45 - -42. What is the units digit of b(h)?
2
Suppose 4*y + 2*f - 774 = 0, 4*y - 13*f - 762 = -11*f. What is the tens digit of y?
9
Let n = 165 + 38. Suppose 0 = 3*s - 5*q - n, -3*s + q + q + 200 = 0. What is the tens digit of s?
6
Suppose 4*a - 36 = 4*w, w + 4 = 2. Let o(f) = -6*f + 46. What is the units digit of o(a)?
4
Suppose 6*q - 4*q - 246 = 0. What is the hundreds digit of q?
1
Let m be 1 - (-12)/(-10)*140/(-6). Suppose 11 - m = -6*u. What is the units digit of u?
3
Let m = 33 - 28. Suppose m*w - 30 = -0*w. What is the tens digit of (-195)/w*(-16)/10?
5
Let n = -1965 + 3025. What is the units digit of n?
0
Suppose 4*s - s - 5 = 4*r, -s + 8 = 5*r. Suppose -s*k + 139 = -50. What is the tens digit of k?
6
Let r(y) = 52*y + 1592. What is the tens digit of r(0)?
9
Suppose -5*x + 340 = -0*x. Let w be 0/(-4 + 4/2). Suppose w = 4*i - 4*f - x, i - 2*f = -7*f + 29. What is the tens digit of i?
1
Let f(u) = u - 9. Let m be f(16). Suppose m*y + 211 - 715 = 0. What is the tens digit of y?
7
Suppose 6*i + 7 = -5. What is the units digit of (3/i)/(1/(-34))?
1
Let g(j) = 2*j**2 + 26*j + 140. What is the tens digit of g(-25)?
4
Suppose 53*d = 45*d + 22992. What is the units digit of d?
4
Let z = 398 - -81. What is the units digit of z?
9
Let n be ((-8)/((-16)/3))/((-6)/(-16)). What is the units digit of n + (-252)/66 + 6726/33?
4
Let r(l) = -l - 1. Let m(w) = -2*w**2 - 3*w - 1. Let i(v) = -m(v) - 2*r(v). Let j = -8 - -5. What is the units digit of i(j)?
6
Suppose -2713 = -6*s + 1385. What is the units digit of s?
3
Suppose -934*y + 942*y - 25144 = 0. What is the thousands digit of y?
3
Let i(x) = -x**2 + 9*x + 3. Let r be i(9). Suppose 0 = l + r*l. What is the tens digit of (l - -1)*3 + 34?
3
Let p(h) = h**2 + 12*h + 77. What is the hundreds digit of p(8)?
2
Let u(p) = 3*p - 1. Let q be (6/4)/((-9)/(-6)). Let y be u(q). Let s(c) = 2*c - 1. What is the units digit of s(y)?
3
Let k(h) be the third derivative of 65*h**4/12 - h**3/3 - 24*h**2. What is the units digit of k(2)?
8
Let z(x) be the first derivative of -5*x**2/2 + 9*x + 6. Suppose 3*h + 13 = -20. What is the tens digit of z(h)?
6
Let a(j) = j**2 + 3*j - 1. Let g be a(-5). Suppose -4*q = -g + 1. Suppose 5*k - 3*k = q*r - 4, -12 = -3*r + k. What is the units digit of r?
5
What is the hundreds digit of (2/6)/((-34)/(-330276))?
2
Let c be (-15)/(-6)*10/25. Suppose s + 29 = 4*m, -1 - c = s + 5*m. Let r = 38 + s. What is the units digit of r?
1
Let f = 1791 - 840. What is the hundreds digit of f?
9
Let a(i) = 9*i - 7. Suppose -p = -q - 11, 2*q - 4*q - 34 = -4*p. Let x be a(p). Let c = x + -29. What is the tens digit of c?
1
Suppose -3*g + s = g - 13, -4*s = 3*g - 5. Suppose -2*m - g*i + 32 = 0, 3*m + 6*i = 2*i + 47. Let w = 28 - m. What is the tens digit of w?
1
Suppose -11*d = 3*g - 10*d - 5351, 0 = 2*g - 3*d - 3582. What is the tens digit of g?
8
What is the thousands digit of (-3284)/(-10)*(46 + -36)?
3
Let v(i) be the first derivative of i**3/3 + 11*i**2/2 - 6*i + 2. Let k(r) = r**3 + 35*r**2 - 13. Let h be k(-35). What is the units digit of v(h)?
0
Let j(v) = v**2 - 6*v - 2. Let c be j(5). Let b be c + (0 - (2 + -2)). What is the tens digit of 15 - ((b - -3) + 2)?
1
Suppose -5*z - 5 = -5*s, 0 = -2*z + 4*z + 3*s - 3. Suppose 0 = -2*p + 3*g + g + 114, 3*p + 4*g - 191 = z. What is the units digit of p?
1
Let h = 35 - 63. What is the units digit of (102/(-68))/(3/h)?
4
What is the tens digit of -4 + ((-88)/(-220))/(2/480)?
9
Let t(h) = -8*h + 32. Let l be t(4). Let w = 14 - l. What is the tens digit of w